is 20625530 + -6?
20625521
In base 2, what is -11011001 - -1001111100011100?
1001111001000011
In base 6, what is -21201 - -554141?
532540
In base 11, what is 22a - 8a59a5?
-8a5776
In base 11, what is 2 - -201a48?
201a4a
In base 15, what is -168 - 1dd237?
-1dd3a0
In base 9, what is -3 + -3442621?
-3442624
In base 4, what is -1100320031 + 2?
-1100320023
In base 15, what is -43b + -216c4?
-21b10
In base 6, what is 3405013001 - -2?
3405013003
In base 13, what is 8a141b53 + -4?
8a141b4c
In base 10, what is -223190929 + 1?
-223190928
In base 3, what is -10020111210020 - -22010?
-10020111111010
In base 11, what is 453 + 646?
a99
In base 14, what is -25 - 14264a?
-142671
In base 8, what is -12 + -3076157?
-3076171
In base 15, what is 1c1d76d - 1?
1c1d76c
In base 9, what is -117434 + -2552?
-121086
In base 7, what is -146341223 + 51?
-146341142
In base 6, what is 1501045250 - 0?
1501045250
In base 2, what is -1001011101110100 + 10011?
-1001011101100001
In base 13, what is 28 + -37954?
-37929
In base 9, what is -161347 + -261?
-161618
In base 8, what is 236265720 - -3?
236265723
In base 6, what is 151244 + -1113?
150131
In base 16, what is 74 - 69d3f?
-69ccb
In base 2, what is -11101110100011 + 100011000111111?
101010011100
In base 8, what is 14 - -13172417?
13172433
In base 11, what is 7a + 2708397?
2708466
In base 11, what is -195901a9a + -5?
-195901aa4
In base 2, what is 0 + 110111100000100100111000011?
110111100000100100111000011
In base 14, what is 1d7295 - 18?
1d727b
In base 14, what is 99 + -3c6d7?
-3c63c
In base 5, what is -3014132412 - -14?
-3014132343
In base 5, what is -1220220 - 3332?
-1224102
In base 4, what is -311120300330 - 32?
-311120301022
In base 11, what is 1040a5038 - 3?
1040a5035
In base 2, what is -100101001 - -1000101111101011?
1000101011000010
In base 5, what is 12 - 13202030032?
-13202030020
In base 8, what is -4 + 3361?
3355
In base 4, what is -33231101332331 - -11?
-33231101332320
In base 4, what is -11021 + -320012213?
-320023300
In base 9, what is 2 - 23185641?
-23185638
In base 14, what is -1b4bd87 + -5?
-1b4bd8c
In base 10, what is -6 - 19627652?
-19627658
In base 16, what is -5783 + 679?
-510a
In base 8, what is 122665473 - 5?
122665466
In base 9, what is -4 + -611512?
-611516
In base 9, what is -1 + -17345250?
-17345251
In base 4, what is 31100331 + -111103?
30323222
In base 15, what is -63c617 + -40?
-63c657
In base 10, what is 1 + 154906326?
154906327
In base 12, what is -277 + 1120?
a65
In base 8, what is 213745324 - 4?
213745320
In base 5, what is 2100 + -41323314?
-41321214
In base 8, what is -226041 - 231?
-226272
In base 5, what is 3141320123 + 10?
3141320133
In base 6, what is -111505050 - 1?
-111505051
In base 16, what is 2dc2 - -2ba?
307c
In base 10, what is 4 - 163516803?
-163516799
In base 13, what is -220705b - -5?
-2207056
In base 12, what is -61a676 - -44?
-61a632
In base 8, what is 2 + -21461504?
-21461502
In base 5, what is 3443 - -1414122?
1423120
In base 9, what is 1631000 - -84?
1631084
In base 6, what is -401 - -3022552?
3022151
In base 16, what is 4bc3590 + 3?
4bc3593
In base 14, what is aa4d9 - -6?
aa501
In base 3, what is -1011 - 11221112112?
-11221120200
In base 3, what is -1210021221100 + 2001?
-1210021212022
In base 14, what is -50ab + -27db?
-78a8
In base 15, what is -10 + -391b0?
-391c0
In base 8, what is -1231450 + -206?
-1231656
In base 13, what is -8a2 + 5142?
4570
In base 9, what is 17830106 - -24?
17830131
In base 11, what is 1 - 1592282?
-1592281
In base 10, what is -17 - 7290079?
-7290096
In base 7, what is 1 - 3503655222?
-3503655221
In base 14, what is 428a1 - 2388?
40517
In base 5, what is -1 + 2442003220?
2442003214
In base 10, what is 46618161 + 1?
46618162
In base 9, what is 28370 + 162?
28542
In base 5, what is -14414333144 + -4?
-14414333203
In base 12, what is -40 + -78316?
-78356
In base 4, what is -101201133203 + -11?
-101201133220
In base 8, what is -2 - -311321041?
311321037
In base 5, what is 244004 - 1144413?
-400404
In base 11, what is 135813 - 4?
13580a
In base 4, what is 3313300212 + -1201?
3313233011
In base 12, what is 3679a7 + 1?
3679a8
In base 11, what is -84aaa7 - 20?
-850017
In base 16, what is 9e9 + 26b41?
2752a
In base 9, what is -10128310 - 1?
-10128311
In base 6, what is 12040434414 + -1?
12040434413
In base 10, what is 134494 - 47?
134447
In base 14, what is -a0ab58 - -5?
-a0ab53
In base 12, what is -4 + 929a8622?
929a861a
In base 8, what is -54151 + 13146?
-41003
In base 8, what is -12 + 6757133?
6757121
In base 13, what is -5b - 207c4a?
-207ca8
In base 2, what is -110111001110011101 - -10101010110?
-110110111001000111
In base 6, what is 11535312 - 432?
11534440
In base 16, what is -1dfaa - 8?
-1dfb2
In base 13, what is 3 - -5839a347?
5839a34a
In base 6, what is -5524325103 - 2?
-5524325105
In base 4, what is 10 - -21122303213?
21122303223
In base 10, what is 123 - 1349096?
-1348973
In base 10, what is -28047 + -1532?
-29579
In base 7, what is -411 - -1236524?
1236113
In base 10, what is -14446040 + 0?
-14446040
In base 12, what is 13b168b - -5?
13b1694
In base 7, what is 3 + 313640461?
313640464
In base 6, what is 2020 - 111333?
-105313
In base 3, what is -201121 + 100001200110?
100000221212
In base 9, what is -58264 - -546?
-57617
In base 4, what is 3303213 + -22132?
3221021
In base 5, what is 111340 - -44?
111434
In base 16, what is 1ff4c + -3c?
1ff10
In base 3, what is -10121012011010 - -11?
-10121012010222
In base 10, what is 34 + -19622600?
-19622566
In base 2, what is 10001 + -110111111110000101101?
-110111111110000011100
In base 7, what is -6 - -126101520?
126101511
In base 6, what is 22 - -151320554?
151321020
In base 12, what is 1 - -1646688a?
1646688b
In base 3, what is -100021 - 2020200220?
-2021001011
In base 6, what is 23 - -435402451?
435402514
In base 3, what is -10021102100201 - -12?
-10021102100112
In base 3, what is -2 - 10001221220111020?
-10001221220111022
In base 15, what is -22e67 + 4?
-22e63
In base 15, what is -d1 - -1d900?
1d81e
In base 4, what is 100023033230 + 122?
100023100012
In base 4, what is -13121223323 + 33?
-13121223230
In base 15, what is -1eed3a + 87?
-1eeca3
In base 11, what is -3 + 6587335?
6587332
In base 16, what is 1 - -169c90?
169c91
In base 7, what is 3433131 + 445?
3433606
In base 8, what is 3 + 123744?
123747
In base 14, what is -2 + 2abc94a?
2abc948
In base 10, what is 3060 + -4973?
-1913
In base 5, what is -12130131 + -112?
-12130243
In base 10, what is 5 + -185012095?
-185012090
In base 13, what is -4 + 53b790c0?
53b790b9
In base 14, what is -1289cdb + 4?
-1289cd7
In base 14, what is 5d - -6164a?
616a9
In base 4, what is 230031101 - 10331?
230020110
In base 14, what is 0 + -3b26307?
-3b26307
In base 5, what is -10102420 - 22422?
-10130342
In base 6, what is -550 - 20054212?
-20055202
In base 3, what is -10 + 112112022101?
112112022021
In base 5, what is -1114200430 + 2?
-1114200423
In base 4, what is -1103 - -103200212232?
103200211123
In base 15, what is 60 - 387bd?
-3875d
In base 6, what is -1410 + -33212?
-35022
In base 14, what is b - 49a635?
-49a628
In base 11, what is -2059 + 2a781?
28723
In base 13, what is 658 - -b21?
1479
In base 9, what is -21151236 - 0?
-21151236
In base 5, what is -40003242 - 220?
-40004012
In base 5, what is -434 + -20121112?
-20122101
In base 3, what is -200222110101 - 1202?
-200222112010
In base 2, what is -11010110111001010 - 111010110?
-11010111110100000
In base 13, what is 560c56c7 + 4?
560c56cb
In base 5, what is -34431 + 1420424?
1330443
In base 15, what is -e7c72 - -16?
-e7c5b
In base 11, what is -1453 - 158a9?
-17251
In base 15, what is -1a - -14e768?
14e74d
In base 12, what is 2904b + 761?
297b0
In base 9, what is 643016 - -16?
643033
In base 3, what is 11122102221 + 1021?
11122111012
In base 11, what is -27 + -61954?
-61980
In base 5, what is 2422422240 + 1?
2422422241
In base 8, what is 50 + -172675?
-172625
In base 7, what is 311502 + -1601?
306601
In base 15, what is -12710a + -4?
-12710e
In base 8, what is 34153624 + -36?
34153566
In base 8, what is -3470 + -7432?
-13122
In base 6, what is -402311015 - 213?
-402311232
In base 8, what is -4 + 66704775?
66704771
In base 5, what is -222441100102 + 10?
-222441100042
In base 12, what is -2910870 - 4?
-2910874
In